{"id":30,"date":"2020-10-08T13:27:01","date_gmt":"2020-10-08T13:27:01","guid":{"rendered":"http:\/\/doblevdesignmuebles.com\/?page_id=30"},"modified":"2025-09-28T03:27:06","modified_gmt":"2025-09-28T03:27:06","slug":"productos","status":"publish","type":"page","link":"https:\/\/doblevdesignmuebles.com\/?page_id=30","title":{"rendered":"PRODUCTOS"},"content":{"rendered":"\n<figure class=\"wp-block-gallery has-nested-images columns-default is-cropped wp-block-gallery-2 is-layout-flex wp-block-gallery-is-layout-flex\">\n<figure class=\"wp-block-image size-full wp-duotone-unset-1\"><img loading=\"lazy\" decoding=\"async\" width=\"946\" height=\"893\" data-id=\"2850\" src=\"https:\/\/doblevdesignmuebles.com\/wp-content\/uploads\/2025\/09\/IMG-20250917-WA00111.jpg\" alt=\"\" class=\"wp-image-2850\" srcset=\"https:\/\/doblevdesignmuebles.com\/wp-content\/uploads\/2025\/09\/IMG-20250917-WA00111.jpg 946w, https:\/\/doblevdesignmuebles.com\/wp-content\/uploads\/2025\/09\/IMG-20250917-WA00111-300x283.jpg 300w, https:\/\/doblevdesignmuebles.com\/wp-content\/uploads\/2025\/09\/IMG-20250917-WA00111-768x725.jpg 768w\" sizes=\"auto, (max-width: 946px) 100vw, 946px\" \/><\/figure>\n\n\n\n<figure class=\"wp-block-image size-large\"><img loading=\"lazy\" decoding=\"async\" width=\"768\" height=\"1024\" data-id=\"2851\" src=\"https:\/\/doblevdesignmuebles.com\/wp-content\/uploads\/2025\/09\/IMG-20250811-WA00191-768x1024.jpg\" alt=\"\" class=\"wp-image-2851\" srcset=\"https:\/\/doblevdesignmuebles.com\/wp-content\/uploads\/2025\/09\/IMG-20250811-WA00191-768x1024.jpg 768w, https:\/\/doblevdesignmuebles.com\/wp-content\/uploads\/2025\/09\/IMG-20250811-WA00191-225x300.jpg 225w, https:\/\/doblevdesignmuebles.com\/wp-content\/uploads\/2025\/09\/IMG-20250811-WA00191.jpg 780w\" sizes=\"auto, (max-width: 768px) 100vw, 768px\" \/><\/figure>\n\n\n\n<figure class=\"wp-block-image size-large\"><img loading=\"lazy\" decoding=\"async\" width=\"780\" height=\"1040\" data-id=\"657\" src=\"https:\/\/doblevdesignmuebles.com\/wp-content\/uploads\/2022\/02\/IMG-20210408-WA00281.jpg\" alt=\"\" class=\"wp-image-657\"\/><\/figure>\n\n\n\n<figure class=\"wp-block-image size-large\"><img loading=\"lazy\" decoding=\"async\" width=\"768\" height=\"1024\" data-id=\"2852\" src=\"https:\/\/doblevdesignmuebles.com\/wp-content\/uploads\/2025\/09\/IMG-20250820-WA00121-768x1024.jpg\" alt=\"\" class=\"wp-image-2852\" srcset=\"https:\/\/doblevdesignmuebles.com\/wp-content\/uploads\/2025\/09\/IMG-20250820-WA00121-768x1024.jpg 768w, https:\/\/doblevdesignmuebles.com\/wp-content\/uploads\/2025\/09\/IMG-20250820-WA00121-225x300.jpg 225w, https:\/\/doblevdesignmuebles.com\/wp-content\/uploads\/2025\/09\/IMG-20250820-WA00121-1152x1536.jpg 1152w, https:\/\/doblevdesignmuebles.com\/wp-content\/uploads\/2025\/09\/IMG-20250820-WA00121.jpg 1200w\" sizes=\"auto, (max-width: 768px) 100vw, 768px\" \/><\/figure>\n\n\n\n<figure class=\"wp-block-image size-large\"><img loading=\"lazy\" decoding=\"async\" width=\"768\" height=\"1024\" data-id=\"2853\" src=\"https:\/\/doblevdesignmuebles.com\/wp-content\/uploads\/2025\/09\/IMG-20250810-WA00081-1-768x1024.jpg\" alt=\"\" class=\"wp-image-2853\" srcset=\"https:\/\/doblevdesignmuebles.com\/wp-content\/uploads\/2025\/09\/IMG-20250810-WA00081-1-768x1024.jpg 768w, https:\/\/doblevdesignmuebles.com\/wp-content\/uploads\/2025\/09\/IMG-20250810-WA00081-1-225x300.jpg 225w, https:\/\/doblevdesignmuebles.com\/wp-content\/uploads\/2025\/09\/IMG-20250810-WA00081-1.jpg 780w\" sizes=\"auto, (max-width: 768px) 100vw, 768px\" \/><\/figure>\n\n\n\n<figure class=\"wp-block-image size-large\"><img loading=\"lazy\" decoding=\"async\" width=\"768\" height=\"1024\" data-id=\"2854\" src=\"https:\/\/doblevdesignmuebles.com\/wp-content\/uploads\/2025\/09\/IMG-20250811-WA00691-1-768x1024.jpg\" alt=\"\" class=\"wp-image-2854\" srcset=\"https:\/\/doblevdesignmuebles.com\/wp-content\/uploads\/2025\/09\/IMG-20250811-WA00691-1-768x1024.jpg 768w, https:\/\/doblevdesignmuebles.com\/wp-content\/uploads\/2025\/09\/IMG-20250811-WA00691-1-225x300.jpg 225w, https:\/\/doblevdesignmuebles.com\/wp-content\/uploads\/2025\/09\/IMG-20250811-WA00691-1.jpg 780w\" sizes=\"auto, (max-width: 768px) 100vw, 768px\" \/><\/figure>\n<\/figure>\n\n\n\n<h2 class=\"wp-block-heading\">COLORES DISPONIBLES<\/h2>\n\n\n\n<ul class=\"wp-block-list\">\n<li>ROBLE<\/li>\n\n\n\n<li>NOGAL<\/li>\n\n\n\n<li>CAOBA<\/li>\n\n\n\n<li>BLANCO<\/li>\n<\/ul>\n\n\n\n<p>Todos estos productos adem\u00e1s est\u00e1n <strong>LAQUEADOS<\/strong>, las terminaciones se realizan con <strong>LACA POLIURET\u00c1NICA <\/strong>. Nuestros productos son aptos para exterior.<br>(Esto permite que no se mancha, no se marca , es f\u00e1cil de limpiar y lustrar, ideal para uso externo y buen mantenimiento !!)<br><strong>Excelente brillo<\/strong> que perdura a trav\u00e9s del tiempo!<\/p>\n\n\n\n<h2 class=\"wp-block-heading\">TIPO DE MADERA<\/h2>\n\n\n\n<p>Todos los trabajos son realizados con <strong>PINO ELIOTTIS ESTACIONADO PREMIUM<\/strong> <strong>Y MADERA EUCALIPTO<\/strong>, producido en bosques cultivados en Misiones, Argentina. <br><\/p>\n\n\n\n<h2 class=\"wp-block-heading\">MEDIDAS DE LAS MESAS<\/h2>\n\n\n\n<ul class=\"wp-block-list\">\n<li>50&#215;50 cm &#8211; Altura 75 cm<\/li>\n\n\n\n<li>60&#215;60 cm &#8211; Altura 75 cm<\/li>\n\n\n\n<li>70&#215;70 cm &#8211; Altura 75 cm<\/li>\n\n\n\n<li>Realizamos pedidos a medida..<\/li>\n<\/ul>\n\n\n\n<h2 class=\"wp-block-heading\">MEDIDAS DE LAS SILLAS<\/h2>\n\n\n\n<p><strong>SILLAS ROMA CURVA<br><\/strong>Ancho 46 cm<br>Alto abierta 77 cm<br>Altura del asiento 47 cm<br>Medidas de asiento 35 cm frente 33.5 fondo<br>Altura plegada 88 cm<br>Espesor plegado 5cm<br>Peso 4,5 kg<br>Soporte: 100 &#8211; 110 kg aprox.<\/p>\n\n\n\n<p><strong>SILLAS VERONA Y NAPOLES<\/strong><br>Ancho 42 cm<br>Alto abierta 85 cm<br>Altura del asiento 48 cm<br>Medidas de asiento 33 cm de frente 38 cm de fondo<br>Altura plegada 92 cm<br>Espesor plegada 7 cm<br>Peso 4.5 kg<br>Soporte: 100 &#8211; 110 kg aprox.<\/p>\n\n\n\n<p><\/p>\n\n\n\n<p><br><\/p>\n\n\n\n<h2 class=\"wp-block-heading has-text-align-center\">Env\u00edos a todo el pa\u00eds<\/h2>\n\n\n<div class=\"wp-block-image\">\n<figure class=\"aligncenter is-resized\"><img loading=\"lazy\" decoding=\"async\" width=\"512\" height=\"512\" src=\"https:\/\/doblevdesignmuebles.com\/wp-content\/uploads\/2020\/10\/rastreo.20f778f2.png\" alt=\"\" class=\"wp-image-83\" style=\"width:170px;height:170px\" srcset=\"https:\/\/doblevdesignmuebles.com\/wp-content\/uploads\/2020\/10\/rastreo.20f778f2.png 512w, https:\/\/doblevdesignmuebles.com\/wp-content\/uploads\/2020\/10\/rastreo.20f778f2-300x300.png 300w, https:\/\/doblevdesignmuebles.com\/wp-content\/uploads\/2020\/10\/rastreo.20f778f2-150x150.png 150w\" sizes=\"auto, (max-width: 512px) 100vw, 512px\" \/><\/figure><\/div>\n\n\n<h2 class=\"wp-block-heading\">Env\u00edos a CABA y Gran Bs As<\/h2>\n\n\n\n<p>Consulte el costo de env\u00edo a su domicilio. Luego de la compra coordinamos la entrega a domicilio y<strong>&nbsp;pagas el env\u00edo en efectivo al recibirlo!<\/strong><\/p>\n\n\n\n<h2 class=\"wp-block-heading\">Env\u00edos al Interior<\/h2>\n\n\n\n<p>Hacemos env\u00edos por encomienda al interior por&nbsp;cuenta del comprador&nbsp;<strong>+ un adicional de embalaje y traslado.<\/strong><br>Despachamos por&nbsp;<strong>Via Cargo<\/strong>&nbsp;o&nbsp;<strong>Cruz del Sur<\/strong> o <strong>Andreani.<\/strong> El env\u00edo lo paga en destino al retirar su compra. Por cotizaci\u00f3n del env\u00edo consultar con el transporte.<\/p>\n","protected":false},"excerpt":{"rendered":"<p>COLORES DISPONIBLES Todos estos productos adem\u00e1s est\u00e1n LAQUEADOS, las terminaciones se realizan con LACA POLIURET\u00c1NICA . Nuestros productos son aptos para exterior.(Esto permite que no se mancha, no se marca , es f\u00e1cil de limpiar y lustrar, ideal para uso externo y buen mantenimiento !!)Excelente brillo que perdura a trav\u00e9s del tiempo! TIPO DE MADERA [&hellip;]<\/p>\n","protected":false},"author":1,"featured_media":0,"parent":0,"menu_order":0,"comment_status":"closed","ping_status":"closed","template":"","meta":{"_joinchat":[],"footnotes":""},"class_list":["post-30","page","type-page","status-publish","hentry"],"_links":{"self":[{"href":"https:\/\/doblevdesignmuebles.com\/index.php?rest_route=\/wp\/v2\/pages\/30","targetHints":{"allow":["GET"]}}],"collection":[{"href":"https:\/\/doblevdesignmuebles.com\/index.php?rest_route=\/wp\/v2\/pages"}],"about":[{"href":"https:\/\/doblevdesignmuebles.com\/index.php?rest_route=\/wp\/v2\/types\/page"}],"author":[{"embeddable":true,"href":"https:\/\/doblevdesignmuebles.com\/index.php?rest_route=\/wp\/v2\/users\/1"}],"replies":[{"embeddable":true,"href":"https:\/\/doblevdesignmuebles.com\/index.php?rest_route=%2Fwp%2Fv2%2Fcomments&post=30"}],"version-history":[{"count":14,"href":"https:\/\/doblevdesignmuebles.com\/index.php?rest_route=\/wp\/v2\/pages\/30\/revisions"}],"predecessor-version":[{"id":2855,"href":"https:\/\/doblevdesignmuebles.com\/index.php?rest_route=\/wp\/v2\/pages\/30\/revisions\/2855"}],"wp:attachment":[{"href":"https:\/\/doblevdesignmuebles.com\/index.php?rest_route=%2Fwp%2Fv2%2Fmedia&parent=30"}],"curies":[{"name":"wp","href":"https:\/\/api.w.org\/{rel}","templated":true}]}}

<figure class="wp-block-gallery has-nested-images columns-default is-cropped wp-block-gallery-2 is-layout-flex wp-block-gallery-is-layout-flex">
<figure class="wp-block-image size-full wp-duotone-unset-1"><img loading="lazy" decoding="async" width="946" height="893" data-id="2850" src="https://doblevdesignmuebles.com/wp-content/uploads/2025/09/IMG-20250917-WA00111.jpg" alt="" class="wp-image-2850" srcset="https://doblevdesignmuebles.com/wp-content/uploads/2025/09/IMG-20250917-WA00111.jpg 946w, https://doblevdesignmuebles.com/wp-content/uploads/2025/09/IMG-20250917-WA00111-300x283.jpg 300w, https://doblevdesignmuebles.com/wp-content/uploads/2025/09/IMG-20250917-WA00111-768x725.jpg 768w" sizes="auto, (max-width: 946px) 100vw, 946px" /></figure>



<figure class="wp-block-image size-large"><img loading="lazy" decoding="async" width="768" height="1024" data-id="2851" src="https://doblevdesignmuebles.com/wp-content/uploads/2025/09/IMG-20250811-WA00191-768x1024.jpg" alt="" class="wp-image-2851" srcset="https://doblevdesignmuebles.com/wp-content/uploads/2025/09/IMG-20250811-WA00191-768x1024.jpg 768w, https://doblevdesignmuebles.com/wp-content/uploads/2025/09/IMG-20250811-WA00191-225x300.jpg 225w, https://doblevdesignmuebles.com/wp-content/uploads/2025/09/IMG-20250811-WA00191.jpg 780w" sizes="auto, (max-width: 768px) 100vw, 768px" /></figure>



<figure class="wp-block-image size-large"><img loading="lazy" decoding="async" width="780" height="1040" data-id="657" src="https://doblevdesignmuebles.com/wp-content/uploads/2022/02/IMG-20210408-WA00281.jpg" alt="" class="wp-image-657"/></figure>



<figure class="wp-block-image size-large"><img loading="lazy" decoding="async" width="768" height="1024" data-id="2852" src="https://doblevdesignmuebles.com/wp-content/uploads/2025/09/IMG-20250820-WA00121-768x1024.jpg" alt="" class="wp-image-2852" srcset="https://doblevdesignmuebles.com/wp-content/uploads/2025/09/IMG-20250820-WA00121-768x1024.jpg 768w, https://doblevdesignmuebles.com/wp-content/uploads/2025/09/IMG-20250820-WA00121-225x300.jpg 225w, https://doblevdesignmuebles.com/wp-content/uploads/2025/09/IMG-20250820-WA00121-1152x1536.jpg 1152w, https://doblevdesignmuebles.com/wp-content/uploads/2025/09/IMG-20250820-WA00121.jpg 1200w" sizes="auto, (max-width: 768px) 100vw, 768px" /></figure>



<figure class="wp-block-image size-large"><img loading="lazy" decoding="async" width="768" height="1024" data-id="2853" src="https://doblevdesignmuebles.com/wp-content/uploads/2025/09/IMG-20250810-WA00081-1-768x1024.jpg" alt="" class="wp-image-2853" srcset="https://doblevdesignmuebles.com/wp-content/uploads/2025/09/IMG-20250810-WA00081-1-768x1024.jpg 768w, https://doblevdesignmuebles.com/wp-content/uploads/2025/09/IMG-20250810-WA00081-1-225x300.jpg 225w, https://doblevdesignmuebles.com/wp-content/uploads/2025/09/IMG-20250810-WA00081-1.jpg 780w" sizes="auto, (max-width: 768px) 100vw, 768px" /></figure>



<figure class="wp-block-image size-large"><img loading="lazy" decoding="async" width="768" height="1024" data-id="2854" src="https://doblevdesignmuebles.com/wp-content/uploads/2025/09/IMG-20250811-WA00691-1-768x1024.jpg" alt="" class="wp-image-2854" srcset="https://doblevdesignmuebles.com/wp-content/uploads/2025/09/IMG-20250811-WA00691-1-768x1024.jpg 768w, https://doblevdesignmuebles.com/wp-content/uploads/2025/09/IMG-20250811-WA00691-1-225x300.jpg 225w, https://doblevdesignmuebles.com/wp-content/uploads/2025/09/IMG-20250811-WA00691-1.jpg 780w" sizes="auto, (max-width: 768px) 100vw, 768px" /></figure>
</figure>



<h2 class="wp-block-heading">COLORES DISPONIBLES</h2>



<ul class="wp-block-list">
<li>ROBLE</li>



<li>NOGAL</li>



<li>CAOBA</li>



<li>BLANCO</li>
</ul>



<p>Todos estos productos además están <strong>LAQUEADOS</strong>, las terminaciones se realizan con <strong>LACA POLIURETÁNICA </strong>. Nuestros productos son aptos para exterior.<br>(Esto permite que no se mancha, no se marca , es fácil de limpiar y lustrar, ideal para uso externo y buen mantenimiento !!)<br><strong>Excelente brillo</strong> que perdura a través del tiempo!</p>



<h2 class="wp-block-heading">TIPO DE MADERA</h2>



<p>Todos los trabajos son realizados con <strong>PINO ELIOTTIS ESTACIONADO PREMIUM</strong> <strong>Y MADERA EUCALIPTO</strong>, producido en bosques cultivados en Misiones, Argentina. <br></p>



<h2 class="wp-block-heading">MEDIDAS DE LAS MESAS</h2>



<ul class="wp-block-list">
<li>50&#215;50 cm &#8211; Altura 75 cm</li>



<li>60&#215;60 cm &#8211; Altura 75 cm</li>



<li>70&#215;70 cm &#8211; Altura 75 cm</li>



<li>Realizamos pedidos a medida..</li>
</ul>



<h2 class="wp-block-heading">MEDIDAS DE LAS SILLAS</h2>



<p><strong>SILLAS ROMA CURVA<br></strong>Ancho 46 cm<br>Alto abierta 77 cm<br>Altura del asiento 47 cm<br>Medidas de asiento 35 cm frente 33.5 fondo<br>Altura plegada 88 cm<br>Espesor plegado 5cm<br>Peso 4,5 kg<br>Soporte: 100 &#8211; 110 kg aprox.</p>



<p><strong>SILLAS VERONA Y NAPOLES</strong><br>Ancho 42 cm<br>Alto abierta 85 cm<br>Altura del asiento 48 cm<br>Medidas de asiento 33 cm de frente 38 cm de fondo<br>Altura plegada 92 cm<br>Espesor plegada 7 cm<br>Peso 4.5 kg<br>Soporte: 100 &#8211; 110 kg aprox.</p>



<p></p>



<p><br></p>



<h2 class="wp-block-heading has-text-align-center">Envíos a todo el país</h2>


<div class="wp-block-image">
<figure class="aligncenter is-resized"><img loading="lazy" decoding="async" width="512" height="512" src="https://doblevdesignmuebles.com/wp-content/uploads/2020/10/rastreo.20f778f2.png" alt="" class="wp-image-83" style="width:170px;height:170px" srcset="https://doblevdesignmuebles.com/wp-content/uploads/2020/10/rastreo.20f778f2.png 512w, https://doblevdesignmuebles.com/wp-content/uploads/2020/10/rastreo.20f778f2-300x300.png 300w, https://doblevdesignmuebles.com/wp-content/uploads/2020/10/rastreo.20f778f2-150x150.png 150w" sizes="auto, (max-width: 512px) 100vw, 512px" /></figure></div>


<h2 class="wp-block-heading">Envíos a CABA y Gran Bs As</h2>



<p>Consulte el costo de envío a su domicilio. Luego de la compra coordinamos la entrega a domicilio y<strong>&nbsp;pagas el envío en efectivo al recibirlo!</strong></p>



<h2 class="wp-block-heading">Envíos al Interior</h2>



<p>Hacemos envíos por encomienda al interior por&nbsp;cuenta del comprador&nbsp;<strong>+ un adicional de embalaje y traslado.</strong><br>Despachamos por&nbsp;<strong>Via Cargo</strong>&nbsp;o&nbsp;<strong>Cruz del Sur</strong> o <strong>Andreani.</strong> El envío lo paga en destino al retirar su compra. Por cotización del envío consultar con el transporte.</p>

<p>COLORES DISPONIBLES Todos estos productos además están LAQUEADOS, las terminaciones se realizan con LACA POLIURETÁNICA . Nuestros productos son aptos para exterior.(Esto permite que no se mancha, no se marca , es fácil de limpiar y lustrar, ideal para uso externo y buen mantenimiento !!)Excelente brillo que perdura a través del tiempo! TIPO DE MADERA [&hellip;]</p>
